{"id":4476,"date":"2022-07-25T18:26:26","date_gmt":"2022-07-25T18:26:26","guid":{"rendered":"https:\/\/nadinospina.org\/?page_id=4476"},"modified":"2022-07-25T18:26:27","modified_gmt":"2022-07-25T18:26:27","slug":"principes-en-la-calle-real","status":"publish","type":"page","link":"https:\/\/nadinospina.org\/en\/principes-en-la-calle-real\/","title":{"rendered":"Pr\u00edncipes en la calle Real"},"content":{"rendered":"<p class=\"wp-block-paragraph\">Luis Carlos Aljure<\/p>\n\n\n\n<p class=\"wp-block-paragraph\">Art\u00edculo en el peri\u00f3dico El Tiempo. S\u00e1bado 24 de julio de 1992<\/p>\n\n\n\n<p class=\"textojustificado wp-block-paragraph\">The stone and brick towers, which long ago surpassed in height the solitary palm tree on Carrera 7 and Avenida Chile, will add a public plaza to the city&#8217;s urban space. They will add to the city&#8217;s urban space a public plaza where five bronze deer, created by Bogota sculptor Nad\u00edn Ospina, will graze meekly.<\/p>\n\n\n\n<p class=\"textojustificado wp-block-paragraph\">The space will have an extension of 345 meters and in addition to the sculptures, there will be a water fountain, a garden and the centennial wax palm that was preserved in front of the fa\u00e7ade.<\/p>\n\n\n\n<p class=\"textojustificado wp-block-paragraph\">Three more deer will be placed inside the building, once the construction of the first tower is finished, which is estimated for the end of July.<\/p>\n\n\n\n<p class=\"textojustificado wp-block-paragraph\">This work by Nad\u00edn Ospina was chosen by Colcultura to participate in the Joan Mir\u00f3 international visual arts competition being held in Barcelona as part of the celebrations of the 500th anniversary of the discovery of America.<\/p>\n\n\n\n<p class=\"textojustificado wp-block-paragraph\">&#8220;The project is like a spearhead to open a new concept that helps to understand the need to install works of art in urban spaces&#8221;. Expressed the artist.<\/p>\n\n\n\n<p class=\"wp-block-paragraph\"><strong>Pre-Columbian animal<\/strong><\/p>\n\n\n\n<p class=\"textojustificado wp-block-paragraph\">He has been working for 20 years on the concept of installation, the same one he applied in the work of the deer that was finished four months ago. The installation,&#8221; he explains, &#8220;consists of the placement of various pieces, the fragmentation of diverse elements that fill and appropriate a space.<\/p>\n\n\n\n<p class=\"textojustificado wp-block-paragraph\">The work aims to rescue, at the same time, ecological and pre-Columbian values. Because the deer is an endangered species of the Bogot\u00e1 savannah and, in addition, it was a common symbol of the original cultures of America.<\/p>\n\n\n\n<p class=\"textojustificado wp-block-paragraph\">The elaboration of the deer required the construction of clay molds that weighed between 150 and 200 kilograms.<\/p>\n\n\n\n<p class=\"textojustificado wp-block-paragraph\">The tradition of foundry casting was almost totally lost,&#8221; said the artist, &#8220;because sculptors abandoned conventional materials such as bronze and stone in the face of the rise of new elements such as aluminum and the tendency to use waste materials.<\/p>\n\n\n\n<p class=\"textojustificado wp-block-paragraph\">The project of the eight bronze deer is called &#8220;The Return of the Princes&#8221; and for the moment the five figures have been installed and will remain in the public square. To protect them, they are currently covered with wooden boxes and will only be released on June 30.<\/p>\n\n\n\n<p class=\"textojustificado wp-block-paragraph\">According to Nad\u00edn ospina himself: &#8220;It is very important and much needed in Colombia to revitalize and rescue public spaces as places where people can enjoy art&#8221;.<\/p>","protected":false},"excerpt":{"rendered":"<p>Luis Carlos Aljure Art\u00edculo en el peri\u00f3dico El Tiempo. S\u00e1bado 24 de julio de 1992 The stone and brick towers, which long ago surpassed in height the solitary palm tree on Carrera 7 and Avenida Chile, will add a public plaza to the city&#8217;s urban space. They will add to the city&#8217;s urban space a [&hellip;]<\/p>\n","protected":false},"author":154715982,"featured_media":0,"parent":0,"menu_order":0,"comment_status":"closed","ping_status":"closed","template":"","meta":{"_coblocks_attr":"","_coblocks_dimensions":"","_coblocks_responsive_height":"","_coblocks_accordion_ie_support":"","_crdt_document":"","advanced_seo_description":"Nadin Ospina, arte en colombia, el tiempo, Luis Carlos Aljure, venados 72","jetpack_seo_html_title":"","jetpack_seo_noindex":false,"footnotes":""},"class_list":["post-4476","page","type-page","status-publish","hentry"],"jetpack_likes_enabled":true,"jetpack_sharing_enabled":true,"jetpack_shortlink":"https:\/\/wp.me\/PaPj6W-1ac","jetpack-related-posts":[],"_links":{"self":[{"href":"https:\/\/nadinospina.org\/en\/wp-json\/wp\/v2\/pages\/4476","targetHints":{"allow":["GET"]}}],"collection":[{"href":"https:\/\/nadinospina.org\/en\/wp-json\/wp\/v2\/pages"}],"about":[{"href":"https:\/\/nadinospina.org\/en\/wp-json\/wp\/v2\/types\/page"}],"author":[{"embeddable":true,"href":"https:\/\/nadinospina.org\/en\/wp-json\/wp\/v2\/users\/154715982"}],"replies":[{"embeddable":true,"href":"https:\/\/nadinospina.org\/en\/wp-json\/wp\/v2\/comments?post=4476"}],"version-history":[{"count":3,"href":"https:\/\/nadinospina.org\/en\/wp-json\/wp\/v2\/pages\/4476\/revisions"}],"predecessor-version":[{"id":4480,"href":"https:\/\/nadinospina.org\/en\/wp-json\/wp\/v2\/pages\/4476\/revisions\/4480"}],"wp:attachment":[{"href":"https:\/\/nadinospina.org\/en\/wp-json\/wp\/v2\/media?parent=4476"}],"curies":[{"name":"wp","href":"https:\/\/api.w.org\/{rel}","templated":true}]}}

Príncipes en la calle Real

<p class="wp-block-paragraph">Luis Carlos Aljure</p>



<p class="wp-block-paragraph">Artículo en el periódico El Tiempo. Sábado 24 de julio de 1992</p>



<p class="textojustificado wp-block-paragraph">The stone and brick towers, which long ago surpassed in height the solitary palm tree on Carrera 7 and Avenida Chile, will add a public plaza to the city&#8217;s urban space. They will add to the city&#8217;s urban space a public plaza where five bronze deer, created by Bogota sculptor Nadín Ospina, will graze meekly.</p>



<p class="textojustificado wp-block-paragraph">The space will have an extension of 345 meters and in addition to the sculptures, there will be a water fountain, a garden and the centennial wax palm that was preserved in front of the façade.</p>



<p class="textojustificado wp-block-paragraph">Three more deer will be placed inside the building, once the construction of the first tower is finished, which is estimated for the end of July.</p>



<p class="textojustificado wp-block-paragraph">This work by Nadín Ospina was chosen by Colcultura to participate in the Joan Miró international visual arts competition being held in Barcelona as part of the celebrations of the 500th anniversary of the discovery of America.</p>



<p class="textojustificado wp-block-paragraph">&#8220;The project is like a spearhead to open a new concept that helps to understand the need to install works of art in urban spaces&#8221;. Expressed the artist.</p>



<p class="wp-block-paragraph"><strong>Pre-Columbian animal</strong></p>



<p class="textojustificado wp-block-paragraph">He has been working for 20 years on the concept of installation, the same one he applied in the work of the deer that was finished four months ago. The installation,&#8221; he explains, &#8220;consists of the placement of various pieces, the fragmentation of diverse elements that fill and appropriate a space.</p>



<p class="textojustificado wp-block-paragraph">The work aims to rescue, at the same time, ecological and pre-Columbian values. Because the deer is an endangered species of the Bogotá savannah and, in addition, it was a common symbol of the original cultures of America.</p>



<p class="textojustificado wp-block-paragraph">The elaboration of the deer required the construction of clay molds that weighed between 150 and 200 kilograms.</p>



<p class="textojustificado wp-block-paragraph">The tradition of foundry casting was almost totally lost,&#8221; said the artist, &#8220;because sculptors abandoned conventional materials such as bronze and stone in the face of the rise of new elements such as aluminum and the tendency to use waste materials.</p>



<p class="textojustificado wp-block-paragraph">The project of the eight bronze deer is called &#8220;The Return of the Princes&#8221; and for the moment the five figures have been installed and will remain in the public square. To protect them, they are currently covered with wooden boxes and will only be released on June 30.</p>



<p class="textojustificado wp-block-paragraph">According to Nadín ospina himself: &#8220;It is very important and much needed in Colombia to revitalize and rescue public spaces as places where people can enjoy art&#8221;.</p>

<p>Luis Carlos Aljure Artículo en el periódico El Tiempo. Sábado 24 de julio de 1992 The stone and brick towers, which long ago surpassed in height the solitary palm tree on Carrera 7 and Avenida Chile, will add a public plaza to the city&#8217;s urban space. They will add to the city&#8217;s urban space a [&hellip;]</p>
